{"id":1846,"date":"2019-04-11T13:55:30","date_gmt":"2019-04-11T13:55:30","guid":{"rendered":"https:\/\/www.donesbicibles.com\/quedadas\/"},"modified":"2019-05-09T15:08:53","modified_gmt":"2019-05-09T15:08:53","slug":"quedadas","status":"publish","type":"page","link":"https:\/\/www.donesbicibles.com\/ca\/quedadas\/","title":{"rendered":"Quedades"},"content":{"rendered":"<p>{&#8220;main-title&#8221;:{&#8220;component&#8221;:&#8221;hc_title&#8221;,&#8221;id&#8221;:&#8221;main-title&#8221;,&#8221;subtitle&#8221;:&#8221;&#8221;,&#8221;title_content&#8221;:{&#8220;component&#8221;:&#8221;hc_title_base&#8221;,&#8221;id&#8221;:&#8221;title-base&#8221;,&#8221;image&#8221;:&#8221;&#8221;,&#8221;breadcrumbs&#8221;:true,&#8221;white&#8221;:true},&#8221;title&#8221;:&#8221;Quedades&#8221;},&#8221;section_5ZtkF&#8221;:{&#8220;component&#8221;:&#8221;hc_section&#8221;,&#8221;id&#8221;:&#8221;section_5ZtkF&#8221;,&#8221;section_width&#8221;:&#8221;&#8221;,&#8221;animation&#8221;:&#8221;&#8221;,&#8221;animation_time&#8221;:&#8221;&#8221;,&#8221;timeline_animation&#8221;:&#8221;&#8221;,&#8221;timeline_delay&#8221;:&#8221;&#8221;,&#8221;timeline_order&#8221;:&#8221;&#8221;,&#8221;vertical_row&#8221;:&#8221;&#8221;,&#8221;box_middle&#8221;:&#8221;&#8221;,&#8221;css_classes&#8221;:&#8221;&#8221;,&#8221;custom_css_classes&#8221;:&#8221;&#8221;,&#8221;custom_css_styles&#8221;:&#8221;&#8221;,&#8221;section_content&#8221;:[{&#8220;component&#8221;:&#8221;hc_column&#8221;,&#8221;id&#8221;:&#8221;column_yodDj&#8221;,&#8221;column_width&#8221;:&#8221;col-md-12&#8243;,&#8221;animation&#8221;:&#8221;&#8221;,&#8221;animation_time&#8221;:&#8221;&#8221;,&#8221;timeline_animation&#8221;:&#8221;&#8221;,&#8221;timeline_delay&#8221;:&#8221;&#8221;,&#8221;timeline_order&#8221;:&#8221;&#8221;,&#8221;css_classes&#8221;:&#8221;&#8221;,&#8221;custom_css_classes&#8221;:&#8221;&#8221;,&#8221;custom_css_styles&#8221;:&#8221;&#8221;,&#8221;main_content&#8221;:[{&#8220;component&#8221;:&#8221;hc_wp_editor&#8221;,&#8221;id&#8221;:&#8221;Coi6N&#8221;,&#8221;css_classes&#8221;:&#8221;&#8221;,&#8221;custom_css_classes&#8221;:&#8221;&#8221;,&#8221;custom_css_styles&#8221;:&#8221;&#8221;,&#8221;editor_content&#8221;:&#8221;<\/p>\n<h2>II QUEDADA DONES BICIBLES<\/h2>\n<p>\\nEstimada<strong> Bicible:<\/strong>\\n\\nHa estat un plaer comptar amb la teua participaci\u00f3 en la<strong> II Quedada de Dones Bicibles, <\/strong>i esperem que hages passadt un dia agradable en companyia de les altres dones participants.\\nEstarem encantades de poder disfrutar de la teua pres\u00e8ncia en la\\n\\n<strong> \\&#8221;III Marxa Cicloturista de Dones Bicibles\\&#8221;<\/strong>\\n\\nque ja hem comen\u00e7at a preparar. \u00c9s precisament la teua participaci\u00f3la que ens dona for\u00e7a i sentit en aquesta hist\u00f2ria.\\n\\nMoltes gr\u00e0cies!!!\\nFES-TE BICIBLE!!!!\\n<\/p>\n<h1 style=\\\"text-align: center;\\\"><iframe src=\\\"https:\/\/www.youtube.com\/embed\/b5I5PRyKviw?rel=0&amp;showinfo=0\\\" allowfullscreen=\\\"allowfullscreen\\\" width=\\\"560\\\" height=\\\"315\\\" frameborder=\\\"0\\\"><\/iframe><\/h1>\n<p>\\n<\/p>\n<p style=\\\"text-align: center;\\\"><a class=\\\"button\\\" href=\\\"http:\/\/bit.ly\/2dLIL0a\\\" target=\\\"_blank\\\" rel=\\\"noopener\\\">Veure la galeria de fotos<\/a><\/p>\n<p>\\nEl pr\u00f2xim dia <strong>4 de setembre<\/strong> les dones practicants de cicloturisme de carretera estarem unides en la \\&#8221;II Quedada dones bicibles\\&#8221;, en <strong>Bocairent<\/strong> (Val\u00e8ncia). \u00c9s una marxa no competitiva, obligatori l&#8217;\u00fas del casc i complir totes les normes de circulaci\u00f3.\\n\\nEs realizar\u00e0 un <strong>recorregut de 103 km<\/strong>, amb un desnivell positiu de 1.470 m. La ruta passa per Ontinyent, Fontanars, Beneixama, Biar, Onil, c\u00e0mping Mariola i de tornada a Bocairent. Es tracta de disfrutar del recorregut en un bon ambient.\\n\\n&nbsp;\\n\\n<\/p>\n<hr>\n<p>\\n\\n<\/p>\n<h2><\/h2>\n<p>\\n<\/p>\n<h2>I QUEDADA DONES BICIBLES<\/h2>\n<p>\\n<\/p>\n<h4>Esteu preguntant-vos qu\u00e8 \u00e9s a\u00e7\u00f2 de la QUEDADA DONES BICIBLES (QDB)?<\/h4>\n<p>\\n&nbsp;\\n\\n<img class=\\\"aligncenter size-large wp-image-102\\\" src=\\\"https:\/\/www.donesbicibles.com\/wp-content\/uploads\/2016\/02\/Cicloturista-Femenina-Bocairent-031-1024x607.jpg\\\" alt=\\\"Cicloturista-Femenina-Bocairent-031\\\" width=\\\"648\\\" height=\\\"384\\\">\\n\\n&nbsp;\\n\\nTour de Francia, Giro de Italia, La Vuelta, Quebrantahuesos, La Perico, totes les grans cites de la bici porten el \\&#8221;cognom\\&#8221; mascul\u00ed entre les rodes. Des de Cicles Silvestre, hem decidit donar \\&#8221;bicibilitat\\&#8221; a les dones amants i practicants del cicloturisme.\\n\\nPer a\u00e7\u00f2, anem a unir-nos en aquesta segona QDB el pr\u00f2xim dissabte 4 de setembre, ja que no se&#8217;ns ocorre una millor manera de comen\u00e7ar setembre, estrenar un nou curs i acabar l&#8217;estiu i les vacances, que no siga disfrutant de la nostra aficci\u00f3: la bici.\\n\\nVolem fer noves amigues, compartir rises, pujades, baixades, pedaleig\u2026 i aquesta ser\u00e0 la segona edici\u00f3. No necessites ser la millor, nom\u00e9s tindre un poc d&#8217;experi\u00e8ncia, rodar un centenar de quil\u00f2metres i ganes, sobretot moltes ganes de disfrutar i passar-ho b\u00e9, ja que el nostre objectiu \u00e9s retre un merescut homenatge a l&#8217;esport femen\u00ed, el gran oblidat de la societat i m\u00e9s concretament al ciclisme. Som moltes i ja \u00e9s hora que se&#8217;ns comence a recon\u00e8ixer i a veure\u2026 DONES BICIBLES!!!!\\n\\nAnimeu-vos i animeu a participar, fem gran l&#8217;esport de la bici en la dona, deixe&#8217;m-nos veure, pedalegem juntes, un pelot\u00f3 femen\u00ed!!!\\n<\/p>\n<blockquote><p>\\n<\/p>\n<p style=\\\"padding-left: 60px;\\\">\\&#8221;Si caus \u00e9s per al\u00e7ar-te, si t&#8217;alces \u00e9s per seguir, si segueixes \u00e9s per arribar on vols anar i si arribes \u00e9s per saber que el millor\u2026est\u00e0 per vindre\\&#8221;.<\/p>\n<p>\\n<\/p><\/blockquote>\n<p>&#8220;}]}],&#8221;section_settings&#8221;:&#8221;&#8221;},&#8221;scripts&#8221;:{},&#8221;css&#8221;:{},&#8221;css_page&#8221;:&#8221;&#8221;,&#8221;template_setting&#8221;:{&#8220;settings&#8221;:{&#8220;id&#8221;:&#8221;settings&#8221;}},&#8221;template_setting_top&#8221;:{},&#8221;page_setting&#8221;:{&#8220;settings&#8221;:[&#8220;lock-mode-off&#8221;]}}<\/p>\n","protected":false},"excerpt":{"rendered":"<p>{&#8220;main-title&#8221;:{&#8220;component&#8221;:&#8221;hc_title&#8221;,&#8221;id&#8221;:&#8221;main-title&#8221;,&#8221;subtitle&#8221;:&#8221;&#8221;,&#8221;title_content&#8221;:{&#8220;component&#8221;:&#8221;hc_title_base&#8221;,&#8221;id&#8221;:&#8221;title-base&#8221;,&#8221;image&#8221;:&#8221;&#8221;,&#8221;breadcrumbs&#8221;:true,&#8221;white&#8221;:true},&#8221;title&#8221;:&#8221;Quedades&#8221;},&#8221;section_5ZtkF&#8221;:{&#8220;component&#8221;:&#8221;hc_section&#8221;,&#8221;id&#8221;:&#8221;section_5ZtkF&#8221;,&#8221;section_width&#8221;:&#8221;&#8221;,&#8221;animation&#8221;:&#8221;&#8221;,&#8221;animation_time&#8221;:&#8221;&#8221;,&#8221;timeline_animation&#8221;:&#8221;&#8221;,&#8221;timeline_delay&#8221;:&#8221;&#8221;,&#8221;timeline_order&#8221;:&#8221;&#8221;,&#8221;vertical_row&#8221;:&#8221;&#8221;,&#8221;box_middle&#8221;:&#8221;&#8221;,&#8221;css_classes&#8221;:&#8221;&#8221;,&#8221;custom_css_classes&#8221;:&#8221;&#8221;,&#8221;custom_css_styles&#8221;:&#8221;&#8221;,&#8221;section_content&#8221;:[{&#8220;component&#8221;:&#8221;hc_column&#8221;,&#8221;id&#8221;:&#8221;column_yodDj&#8221;,&#8221;column_width&#8221;:&#8221;col-md-12&#8243;,&#8221;animation&#8221;:&#8221;&#8221;,&#8221;animation_time&#8221;:&#8221;&#8221;,&#8221;timeline_animation&#8221;:&#8221;&#8221;,&#8221;timeline_delay&#8221;:&#8221;&#8221;,&#8221;timeline_order&#8221;:&#8221;&#8221;,&#8221;css_classes&#8221;:&#8221;&#8221;,&#8221;custom_css_classes&#8221;:&#8221;&#8221;,&#8221;custom_css_styles&#8221;:&#8221;&#8221;,&#8221;main_content&#8221;:[{&#8220;component&#8221;:&#8221;hc_wp_editor&#8221;,&#8221;id&#8221;:&#8221;Coi6N&#8221;,&#8221;css_classes&#8221;:&#8221;&#8221;,&#8221;custom_css_classes&#8221;:&#8221;&#8221;,&#8221;custom_css_styles&#8221;:&#8221;&#8221;,&#8221;editor_content&#8221;:&#8221; II QUEDADA DONES BICIBLES \\nEstimada Bicible:\\n\\nHa estat un plaer comptar amb la teua participaci\u00f3 en la II Quedada de Dones Bicibles, i esperem que hages passadt un dia agradable en companyia de les altres dones participants.\\nEstarem encantades de poder disfrutar de la teua pres\u00e8ncia en la\\n\\n \\&#8221;III Marxa Cicloturista de Dones Bicibles\\&#8221;\\n\\nque ja hem [&hellip;]<\/p>\n","protected":false},"author":1,"featured_media":0,"parent":0,"menu_order":0,"comment_status":"closed","ping_status":"closed","template":"","meta":{"footnotes":""},"class_list":["post-1846","page","type-page","status-publish","hentry"],"_links":{"self":[{"href":"https:\/\/www.donesbicibles.com\/ca\/wp-json\/wp\/v2\/pages\/1846"}],"collection":[{"href":"https:\/\/www.donesbicibles.com\/ca\/wp-json\/wp\/v2\/pages"}],"about":[{"href":"https:\/\/www.donesbicibles.com\/ca\/wp-json\/wp\/v2\/types\/page"}],"author":[{"embeddable":true,"href":"https:\/\/www.donesbicibles.com\/ca\/wp-json\/wp\/v2\/users\/1"}],"replies":[{"embeddable":true,"href":"https:\/\/www.donesbicibles.com\/ca\/wp-json\/wp\/v2\/comments?post=1846"}],"version-history":[{"count":2,"href":"https:\/\/www.donesbicibles.com\/ca\/wp-json\/wp\/v2\/pages\/1846\/revisions"}],"predecessor-version":[{"id":1848,"href":"https:\/\/www.donesbicibles.com\/ca\/wp-json\/wp\/v2\/pages\/1846\/revisions\/1848"}],"wp:attachment":[{"href":"https:\/\/www.donesbicibles.com\/ca\/wp-json\/wp\/v2\/media?parent=1846"}],"curies":[{"name":"wp","href":"https:\/\/api.w.org\/{rel}","templated":true}]}}

<p>{&#8220;main-title&#8221;:{&#8220;component&#8221;:&#8221;hc_title&#8221;,&#8221;id&#8221;:&#8221;main-title&#8221;,&#8221;subtitle&#8221;:&#8221;&#8221;,&#8221;title_content&#8221;:{&#8220;component&#8221;:&#8221;hc_title_base&#8221;,&#8221;id&#8221;:&#8221;title-base&#8221;,&#8221;image&#8221;:&#8221;&#8221;,&#8221;breadcrumbs&#8221;:true,&#8221;white&#8221;:true},&#8221;title&#8221;:&#8221;Quedades&#8221;},&#8221;section_5ZtkF&#8221;:{&#8220;component&#8221;:&#8221;hc_section&#8221;,&#8221;id&#8221;:&#8221;section_5ZtkF&#8221;,&#8221;section_width&#8221;:&#8221;&#8221;,&#8221;animation&#8221;:&#8221;&#8221;,&#8221;animation_time&#8221;:&#8221;&#8221;,&#8221;timeline_animation&#8221;:&#8221;&#8221;,&#8221;timeline_delay&#8221;:&#8221;&#8221;,&#8221;timeline_order&#8221;:&#8221;&#8221;,&#8221;vertical_row&#8221;:&#8221;&#8221;,&#8221;box_middle&#8221;:&#8221;&#8221;,&#8221;css_classes&#8221;:&#8221;&#8221;,&#8221;custom_css_classes&#8221;:&#8221;&#8221;,&#8221;custom_css_styles&#8221;:&#8221;&#8221;,&#8221;section_content&#8221;:[{&#8220;component&#8221;:&#8221;hc_column&#8221;,&#8221;id&#8221;:&#8221;column_yodDj&#8221;,&#8221;column_width&#8221;:&#8221;col-md-12&#8243;,&#8221;animation&#8221;:&#8221;&#8221;,&#8221;animation_time&#8221;:&#8221;&#8221;,&#8221;timeline_animation&#8221;:&#8221;&#8221;,&#8221;timeline_delay&#8221;:&#8221;&#8221;,&#8221;timeline_order&#8221;:&#8221;&#8221;,&#8221;css_classes&#8221;:&#8221;&#8221;,&#8221;custom_css_classes&#8221;:&#8221;&#8221;,&#8221;custom_css_styles&#8221;:&#8221;&#8221;,&#8221;main_content&#8221;:[{&#8220;component&#8221;:&#8221;hc_wp_editor&#8221;,&#8221;id&#8221;:&#8221;Coi6N&#8221;,&#8221;css_classes&#8221;:&#8221;&#8221;,&#8221;custom_css_classes&#8221;:&#8221;&#8221;,&#8221;custom_css_styles&#8221;:&#8221;&#8221;,&#8221;editor_content&#8221;:&#8221;</p>
<h2>II QUEDADA DONES BICIBLES</h2>
<p>\nEstimada<strong> Bicible:</strong>\n\nHa estat un plaer comptar amb la teua participació en la<strong> II Quedada de Dones Bicibles, </strong>i esperem que hages passadt un dia agradable en companyia de les altres dones participants.\nEstarem encantades de poder disfrutar de la teua presència en la\n\n<strong> \&#8221;III Marxa Cicloturista de Dones Bicibles\&#8221;</strong>\n\nque ja hem començat a preparar. És precisament la teua participacióla que ens dona força i sentit en aquesta història.\n\nMoltes gràcies!!!\nFES-TE BICIBLE!!!!\n</p>
<h1 style=\"text-align: center;\"><iframe src=\"https://www.youtube.com/embed/b5I5PRyKviw?rel=0&amp;showinfo=0\" allowfullscreen=\"allowfullscreen\" width=\"560\" height=\"315\" frameborder=\"0\"></iframe></h1>
<p>\n</p>
<p style=\"text-align: center;\"><a class=\"button\" href=\"http://bit.ly/2dLIL0a\" target=\"_blank\" rel=\"noopener\">Veure la galeria de fotos</a></p>
<p>\nEl pròxim dia <strong>4 de setembre</strong> les dones practicants de cicloturisme de carretera estarem unides en la \&#8221;II Quedada dones bicibles\&#8221;, en <strong>Bocairent</strong> (València). És una marxa no competitiva, obligatori l&#8217;ús del casc i complir totes les normes de circulació.\n\nEs realizarà un <strong>recorregut de 103 km</strong>, amb un desnivell positiu de 1.470 m. La ruta passa per Ontinyent, Fontanars, Beneixama, Biar, Onil, càmping Mariola i de tornada a Bocairent. Es tracta de disfrutar del recorregut en un bon ambient.\n\n&nbsp;\n\n</p>
<hr>
<p>\n\n</p>
<h2></h2>
<p>\n</p>
<h2>I QUEDADA DONES BICIBLES</h2>
<p>\n</p>
<h4>Esteu preguntant-vos què és açò de la QUEDADA DONES BICIBLES (QDB)?</h4>
<p>\n&nbsp;\n\n<img class=\"aligncenter size-large wp-image-102\" src=\"https://www.donesbicibles.com/wp-content/uploads/2016/02/Cicloturista-Femenina-Bocairent-031-1024x607.jpg\" alt=\"Cicloturista-Femenina-Bocairent-031\" width=\"648\" height=\"384\">\n\n&nbsp;\n\nTour de Francia, Giro de Italia, La Vuelta, Quebrantahuesos, La Perico, totes les grans cites de la bici porten el \&#8221;cognom\&#8221; masculí entre les rodes. Des de Cicles Silvestre, hem decidit donar \&#8221;bicibilitat\&#8221; a les dones amants i practicants del cicloturisme.\n\nPer açò, anem a unir-nos en aquesta segona QDB el pròxim dissabte 4 de setembre, ja que no se&#8217;ns ocorre una millor manera de començar setembre, estrenar un nou curs i acabar l&#8217;estiu i les vacances, que no siga disfrutant de la nostra aficció: la bici.\n\nVolem fer noves amigues, compartir rises, pujades, baixades, pedaleig… i aquesta serà la segona edició. No necessites ser la millor, només tindre un poc d&#8217;experiència, rodar un centenar de quilòmetres i ganes, sobretot moltes ganes de disfrutar i passar-ho bé, ja que el nostre objectiu és retre un merescut homenatge a l&#8217;esport femení, el gran oblidat de la societat i més concretament al ciclisme. Som moltes i ja és hora que se&#8217;ns comence a reconèixer i a veure… DONES BICIBLES!!!!\n\nAnimeu-vos i animeu a participar, fem gran l&#8217;esport de la bici en la dona, deixe&#8217;m-nos veure, pedalegem juntes, un pelotó femení!!!\n</p>
<blockquote><p>\n</p>
<p style=\"padding-left: 60px;\">\&#8221;Si caus és per alçar-te, si t&#8217;alces és per seguir, si segueixes és per arribar on vols anar i si arribes és per saber que el millor…està per vindre\&#8221;.</p>
<p>\n</p></blockquote>
<p>&#8220;}]}],&#8221;section_settings&#8221;:&#8221;&#8221;},&#8221;scripts&#8221;:{},&#8221;css&#8221;:{},&#8221;css_page&#8221;:&#8221;&#8221;,&#8221;template_setting&#8221;:{&#8220;settings&#8221;:{&#8220;id&#8221;:&#8221;settings&#8221;}},&#8221;template_setting_top&#8221;:{},&#8221;page_setting&#8221;:{&#8220;settings&#8221;:[&#8220;lock-mode-off&#8221;]}}</p>

<p>{&#8220;main-title&#8221;:{&#8220;component&#8221;:&#8221;hc_title&#8221;,&#8221;id&#8221;:&#8221;main-title&#8221;,&#8221;subtitle&#8221;:&#8221;&#8221;,&#8221;title_content&#8221;:{&#8220;component&#8221;:&#8221;hc_title_base&#8221;,&#8221;id&#8221;:&#8221;title-base&#8221;,&#8221;image&#8221;:&#8221;&#8221;,&#8221;breadcrumbs&#8221;:true,&#8221;white&#8221;:true},&#8221;title&#8221;:&#8221;Quedades&#8221;},&#8221;section_5ZtkF&#8221;:{&#8220;component&#8221;:&#8221;hc_section&#8221;,&#8221;id&#8221;:&#8221;section_5ZtkF&#8221;,&#8221;section_width&#8221;:&#8221;&#8221;,&#8221;animation&#8221;:&#8221;&#8221;,&#8221;animation_time&#8221;:&#8221;&#8221;,&#8221;timeline_animation&#8221;:&#8221;&#8221;,&#8221;timeline_delay&#8221;:&#8221;&#8221;,&#8221;timeline_order&#8221;:&#8221;&#8221;,&#8221;vertical_row&#8221;:&#8221;&#8221;,&#8221;box_middle&#8221;:&#8221;&#8221;,&#8221;css_classes&#8221;:&#8221;&#8221;,&#8221;custom_css_classes&#8221;:&#8221;&#8221;,&#8221;custom_css_styles&#8221;:&#8221;&#8221;,&#8221;section_content&#8221;:[{&#8220;component&#8221;:&#8221;hc_column&#8221;,&#8221;id&#8221;:&#8221;column_yodDj&#8221;,&#8221;column_width&#8221;:&#8221;col-md-12&#8243;,&#8221;animation&#8221;:&#8221;&#8221;,&#8221;animation_time&#8221;:&#8221;&#8221;,&#8221;timeline_animation&#8221;:&#8221;&#8221;,&#8221;timeline_delay&#8221;:&#8221;&#8221;,&#8221;timeline_order&#8221;:&#8221;&#8221;,&#8221;css_classes&#8221;:&#8221;&#8221;,&#8221;custom_css_classes&#8221;:&#8221;&#8221;,&#8221;custom_css_styles&#8221;:&#8221;&#8221;,&#8221;main_content&#8221;:[{&#8220;component&#8221;:&#8221;hc_wp_editor&#8221;,&#8221;id&#8221;:&#8221;Coi6N&#8221;,&#8221;css_classes&#8221;:&#8221;&#8221;,&#8221;custom_css_classes&#8221;:&#8221;&#8221;,&#8221;custom_css_styles&#8221;:&#8221;&#8221;,&#8221;editor_content&#8221;:&#8221; II QUEDADA DONES BICIBLES \nEstimada Bicible:\n\nHa estat un plaer comptar amb la teua participació en la II Quedada de Dones Bicibles, i esperem que hages passadt un dia agradable en companyia de les altres dones participants.\nEstarem encantades de poder disfrutar de la teua presència en la\n\n \&#8221;III Marxa Cicloturista de Dones Bicibles\&#8221;\n\nque ja hem [&hellip;]</p>
